3/12)?
2
Let p be (-10 + 1 - -2)/1. Suppose 3*u + 2*u + 3*f + 3 = 0, -3*f = -5*u + 3. Let j = u - p. What is the units digit of j?
7
Let p(i) = -12*i + 3. What is the tens digit of p(-3)?
3
Suppose -8*j - 83 = -315. What is the tens digit of j?
2
Let s(w) = -w**2 + 4*w + 1. Let v be s(4). Let f be (-1)/v - (-1 - 2). Suppose 3*y + 3*o - 14 = y, f*y - 3*o - 14 = 0. What is the units digit of y?
7
Let z(g) be the first derivative of g**2/2 + 2*g - 4. Let r be z(-8). What is the units digit of r/21 + 135/7?
9
Suppose -4*f - 350 = f + 5*j, -2*f + j = 128. Let y be 3/(-4) - f/(-8). What is the units digit of -3 - y - (0 - -1)?
5
Let u = -1 + -1. What is the tens digit of u/(-5) - 133/(-5)?
2
Let q(u) = 8 - 3*u - 8. Let y be q(11). What is the tens digit of (-3)/(-18)*-2*y?
1
Suppose -5*x - 3 = 7. Let h be x/(-5) + (-4)/10. Suppose 0*c - 3*c + 15 = h. What is the units digit of c?
5
Let l(n) = -2*n**3 - 5*n**2 - 5*n - 4. Let x(f) = -f**3 - 4*f**2 - 4*f - 3. Let b(h) = -4*l(h) + 5*x(h). What is the units digit of b(2)?
5
Suppose -31 = -3*t - 2*d, t - 2*d = -0*t + 5. Let f(c) = c**3 - 8*c**2 - 6*c + 1. What is the units digit of f(t)?
8
Let x(a) = -7*a - 6. Let n(m) = 15*m + 13. Let w(b) = -6*n(b) - 13*x(b). What is the units digit of w(5)?
5
Let a(u) = u**3 - 5*u**2 - 10*u - 4. Let w be a(8). What is the units digit of w/3 - 6/3?
4
Suppose 0 = 2*p + 3*p - 15. Let q = 7 + p. What is the units digit of q?
0
Let c(q) = 9*q + 12. What is the units digit of c(8)?
4
Let z = 34 + -70. Let k = z - -59. What is the tens digit of k?
2
Suppose 0*i - 24 = -i. What is the tens digit of i?
2
Let q = 5 + 37. What is the tens digit of q?
4
Let g be 0 - -1 - 0/(-1). Let b be 10*(g + -2)*1. What is the units digit of (-3)/(-15) + (-18)/b?
2
Suppose -2*z + 13 = -9. Let b = z - 10. What is the units digit of b?
1
Let a(h) = h**2 + 5*h + 10. What is the tens digit of a(7)?
9
Let c(g) = -11*g + 2. What is the tens digit of c(-1)?
1
Suppose -3*p = 2*q - 619, 2*p = 4*p + q - 414. What is the hundreds digit of p?
2
Suppose 12*b = 8*b + 320. What is the tens digit of b?
8
Let f(t) = t + 7. Let p be f(-9). What is the units digit of -2*p/(-8)*-10?
5
Let j(o) = -o**2 - 18*o + 9. What is the units digit of j(-11)?
6
What is the tens digit of (7 + 22)*(-1 + 2)?
2
What is the units digit of -39*3/9*-5?
5
Suppose 2 = -3*q - 1. Let d be (10/25)/(q/(-30)). Suppose 5*l - w = 13, d = -2*w - 2*w. What is the units digit of l?
2
Suppose -40 - 40 = -2*o. What is the tens digit of o?
4
Let x(d) = d**2 + 3*d + 5. What is the tens digit of x(-8)?
4
Let w = 8 + 28. What is the tens digit of w?
3
Suppose -a + 1 = 17*s - 14*s, -2*a + 3*s = -47. What is the tens digit of a?
1
Let k(i) = i**2 + 3*i - 3. What is the tens digit of k(-7)?
2
Suppose -4*s = -16 - 0. Suppose -s*w = -2*y - 24, 0 = -w - 0*y + 3*y + 6. What is the units digit of (w/(-9))/(1/(-24))?
6
Let h = -69 + 208. What is the units digit of h?
9
Suppose -6 = 2*x, -2*x = 2*g + 2*x - 4. Suppose -3*q - g = -5*q. Suppose q*l - 2*l - 10 = 0. What is the units digit of l?
5
Let p(x) = 0*x**2 - 2 - x - 3*x**2 + 4*x**2. Let o be p(-2). Suppose -o*f - f + 15 = 0. What is the units digit of f?
3
Let b = -55 + 30. Let s = b - -27. What is the units digit of s?
2
Let w(k) = 5*k - 6. Let z be w(6). What is the units digit of ((-10)/(-15))/(2/z)?
8
Suppose -2*f = 3*f - 60. Suppose -m = 6*j - j + f, -3*m = -j - 28. What is the units digit of 24/2 + (5 - m)?
9
Let g = 56 - -46. What is the tens digit of g?
0
Let m(p) = 0*p**2 + p**3 - 7*p + p**2 + 3*p**2. Let g be m(-5). What is the units digit of g - -1 - (-4 - -2)?
3
Let r = 85 + -23. What is the tens digit of r?
6
Let f be ((-6)/2 + 30)/1. Suppose -15 = -3*c + f. What is the tens digit of c?
1
Suppose 30 = 2*i - i. Let y = 45 - i. What is the tens digit of y?
1
Suppose 12 = 4*c - 8. What is the units digit of c?
5
Let y(b) = 344*b**3 - b - 1. What is the units digit of y(1)?
2
Suppose -4*p = g + 7, 25 = -2*g + 4*g - 5*p. Let c(h) = -h**3 - h**2 + 3. Let a be c(0). Suppose 0 = -a*s + g + 7. What is the units digit of s?
4
Suppose 3*h - 6*h = -9. Suppose -5*m = -h*n - 75, 5*n + 27 = m - 10. What is the units digit of m?
2
Suppose 4*z - 18 - 138 = 0. Let p be 2/8 - z/(-4). Suppose 0 = -2*s + 4 + p. What is the units digit of s?
7
Let l = 4 + -4. Suppose f + 10 = 4*z - l*f, -3*z + 5*f + 16 = 0. Suppose -20 = z*i - 4*i. What is the tens digit of i?
1
Let q(s) = -8*s - 9. What is the units digit of q(-7)?
7
Suppose 2*g + 1 = 21. Let o(a) = a - 1. Let t be o(-1). Let d = t + g. What is the units digit of d?
8
Let o(y) = -8*y + 33. What is the tens digit of o(-10)?
1
Let m = -136 + 238. What is the hundreds digit of m?
1
Suppose -6*l + 1140 = -0*l. What is the tens digit of l?
9
Suppose -2*c - 4 = 2. What is the units digit of 15 + (-3)/(c/(-2))?
3
Let l(m) = -13*m + 22. What is the tens digit of l(-2)?
4
Suppose -5*a = 12 - 2. Let t = a + 1. Let y(n) = n + 2. What is the units digit of y(t)?
1
Suppose 4*m + m - 365 = 0. Suppose 3*v - 5 = m. What is the units digit of v?
6
Suppose 4*h = 5*r + 8, -r + 3*h = 2*h + 2. Let g = 4 - 2. Suppose g*k - 5*k + 9 = r. What is the units digit of k?
3
Suppose -3*q - 15 = -4*h - 1, -2*h = -q - 6. What is the tens digit of (-157)/(-6) - q/(-12)?
2
Suppose -65 = -9*h + 4*h. Let z = 19 - h. Suppose -i = 2*i - 3*n + z, 2*i - 5*n = -19. What is the units digit of i?
3
What is the tens digit of (-684)/(-27) + 4/6?
2
Suppose -5*a = -v - 28, 3*v + 19 = -3*a + 5*a. Suppose -a*o = -o - 4. What is the units digit of o?
1
Let j be 5/((-10)/24) + 0. Let r be (-2 - -2) + -23 - -1. Let t = j - r. What is the units digit of t?
0
Let s be -18*4/((-12)/5). Suppose -s = -4*k + k. What is the tens digit of k?
1
Suppose 2*f - 79 = -2*n - n, 0 = 5*n + 3*f - 131. What is the tens digit of n?
2
Suppose o + 0*o = 195. What is the hundreds digit of o?
1
Let t(q) = -q**2 - 6*q + 1. Suppose 0 = -2*r - 4*s + 8 - 0, -5*r = s + 25. Let c be t(r). Suppose -c = 2*x - 3*x. What is the units digit of x?
1
Suppose 10 = 3*w - 5*m, -5*m - 9 = -5*w + 11. Suppose h + w*c + 15 = -0, -2*h + c = -25. What is the units digit of h?
0
Suppose -70 = -3*d - 2*d. What is the tens digit of d?
1
What is the units digit of 33 + 1 - (-10 - -13)?
1
Suppose 15 = 5*h, -3*r - 1 + 4 = 2*h. Let j be r + (3/1 - -1). Suppose k + g = 4, 4*k - 3*g + j = 40. What is the units digit of k?
7
Let c = 82 + -69. What is the units digit of c?
3
Let x(g) = 5*g**2. Let p be x(1). Suppose -4*a - 3*n = -0*a - 4, 4*a - p*n = 36. What is the units digit of a?
4
What is the units digit of (24/30)/(4/70)?
4
Suppose 16 = n + 3*a + 5, a + 15 = 2*n. Suppose 4*m = n*m - 136. What is the tens digit of m?
3
Let z(k) = -k - 4. Let m be z(-9). Suppose -4*a = m*i - 73, -a + 12 + 5 = i. What is the tens digit of a?
1
Suppose 5*r = -479 + 1864. What is the hundreds digit of r?
2
Suppose 69 = 3*j - 3*v, 3*j + 5*v - 45 = 2*v. What is the units digit of j?
9
Let r(i) = -i. Let v(k) = -3*k - 4. Let c(n) = -4*r(n) + v(n). Suppose f + j - 4*j - 2 = 0, -2*f + j + 14 = 0. What is the units digit of c(f)?
4
Let t be 3*(0 + (-5)/(-3)). Let y(a) = 10*a**2 - 7*a + 22. Let h(n) = -7*n**2 + 5*n - 15. Let o(b) = t*y(b) + 7*h(b). What is the units digit of o(0)?
5
Let d = 62 - 43. Let n = 17 - 15. Suppose -n*z + 45 = 2*g + d, 0 = -5*z + g + 47. What is the units digit of z?
0
What is the units digit of 37/(15/(-10) + 2)?
4
Let m(z) be the third derivative of z**6/120 - 3*z**5/20 - 11*z**4/24 + 13*z**3/6 - z**2. Let x be m(10). Suppose 0 + 6 = x*g. What is the units digit of g?
2
Suppose 0 = 3*n - 3 - 6. Suppose -n*g + 4*d = 5 + 3, 2*g + 2*d - 18 = 0. What is the units digit of g?
4
Let o be (-6)/(-4) - (-4)/8. Let y(d) = -d**2 + 2*d - 2. Let s be y(o). What is the units digit of (1/s)/((-1)/12)?
6
Let k(z) = 17*z - 7. Let i be k(6). Suppose -6*m + i = -m. What is the units digit of m?
9
Let o = 16 - 16. Suppose 2*q - 5 - 11 = o. What is the units digit of q?
8
Let p = -56 - -220. What is the tens digit of p?
6
Suppose -6*c + 2*c = -k + 3, -3*k + 9 = -c. Suppose -y = k*w + 2*y - 57, 2*w - 3*y = 13. What is the tens digit of w?
1
Let z be 6/21 + 244/28. Suppose 3*c + 2*a = z + 11, -5*c + 25 = -5*a. What is the units digit of c?
6
Let p = 31 - 20. Let x(r) = 2*r + 7. Let